{"id":23,"date":"2019-12-19T17:07:15","date_gmt":"2019-12-19T17:07:15","guid":{"rendered":"https:\/\/o-ttt-o.de\/?page_id=23"},"modified":"2020-02-03T14:11:28","modified_gmt":"2020-02-03T14:11:28","slug":"der-kreuzungspunkt-von-hyaetamaeki","status":"publish","type":"page","link":"https:\/\/o-ttt-o.de\/?page_id=23","title":{"rendered":"Der Kreuzungspunkt von Hy\u00e4tam\u00e4ki"},"content":{"rendered":"\r\n\r\n\r\nngg_shortcode_0_placeholder\r\n<p><strong>Der Kreuzungspunkt von&nbsp;Hy\u00e4tam\u00e4ki. Zu den Wahrheiten der Weltvermessung.<\/strong> <br>Eine Entdeckung im Finnischen Scherengebiet.<br>Projektstipendium Saari Residence, Myn\u00e4m\u00e4ki, 2014<br><br>Grundlage f\u00fcr das Projekt ist die Unterteilung der Erdkugel in L\u00e4ngen- und Breitengrade.&nbsp;Auf Weltkarten und auf dem Globus ist nur jeder zehnte Grad verzeichnet: Vom \u00c4quator als Nullinie 180\u00b0 nach oben und unten zu den Polen, bzw von Osten nach Westen.Dank neuer satellitengest\u00fctzter Messtechnik und mit Hilfe von Computern l\u00e4sst sich inzwischen zu jedem beliebigen Punkt der Welt eine exakte Koordinaten-Ortsbestimmung definieren.&nbsp;Sie wurden bei Bauarbeiten durch Zufall entdeckt und man begann sie auszugraben. Sie hatten sich also selbst bestimmt! Schon beim zweiten Spatenstich stie\u00dfen wir auf harte Realit\u00e4ten. Diese wurden l\u00e4nger und l\u00e4nger und schlie\u00dflich \u00fcberkreuzte sich etwas. Der Breitengrad den L\u00e4ngengrad!Dieser spezielle Ort bietet allen Ungl\u00e4ubigen den Blick auf die Organisation der Erde dar:&nbsp;Der KREUZUNGSPUNKT von S\u00dcDEN UND WESTEN in Myn\u00e4m\u00e4ki!Unser Projekt im Nordwesten Finnlands \u00e4hnelte einem arch\u00e4ologischen Fundort, der die beiden sich kreuzenden Koordinaten im Erdreich zur Ansicht brachte.&nbsp;In etwa 80cm Tiefe nur lagen sie vor uns: 51\u00b001` n\u00f6rdliche Breite kreuzt 13\u00b042` \u00f6stliche L\u00e4nge. Diese finnischen Koordinaten lieferten den Beweis: Nicht die Menschen haben sich die Koordination der Erdkugel ausgedacht, nein, sie sind im Erdreich vorhanden und halten das Innerste unserer Welt zusammen! Dieser Ort wurde, wie bei einer arch\u00e4ologischen Grabungsst\u00e4tte, von Z\u00e4unen gesch\u00fctzt. Nur zu vorgegebenen Zeiten wurde eine Begehung der Grabungsstelle erm\u00f6glicht.&nbsp;Die Linien, die aus dem Erdreich zu Tage traten, sind unterschiedlich farbig und strahlten phosphorisierend. So l\u00e4sst sich der L\u00e4ngen- vom Breitengrad gut unterscheiden. Auch daf\u00fcr hat Mutter Natur gesorgt.&nbsp; Die zweidimensionalen, karthographischen Darstellungen m\u00fcssen allerdings nun diesbez\u00fcglich \u00fcberarbeitet werden! Der L\u00e4ngengrad ist gr\u00fcn, der Breitengrad rot.&nbsp;Nachts leuchteten die Koordinaten sensationell in den finnischen Himmel.Die eigentlich wissenschaftliche Bedeutung dieses Fundes, so verk\u00fcndete das Bauschild, ist jedoch nicht nur die Tatsache, dass hier die realen Koordinatenlinien ausgegraben wurden, sondern sogar ein KREUZUNGSPUNKT!&nbsp;Auf dem Bauschild wurden die Grabungsarbeiten und die wissenschaftliche Bedeutung dieser unglaublichen Entdeckung f\u00fcr die Zukunft der Erde beschrieben.&nbsp;Am Er\u00f6ffnungstag bot die K\u00fcnstlergruppe OTTODENKT den Besuchern und den angereisten Pressevertretern eine F\u00fchrung auf dem Gel\u00e4nde an und kl\u00e4rte \u00fcber die Bedeutung des au\u00dfergew\u00f6hnlichen Fundes auf.<br>Die Geographie muss neu geschrieben werden!<br>Wir bedanken uns ganz herzlich beim vor Ort ans\u00e4ssigen Arch\u00e4ologen, der uns nicht nur mit Rat und Tat sondern auch mit diversen Werkzeugen unterst\u00fctzt hat.<\/p>\r\n<p><iframe loading=\"lazy\" title=\"hietama\u0308ki-kompr\" src=\"https:\/\/player.vimeo.com\/video\/388977652?dnt=1&amp;app_id=122963\" width=\"800\" height=\"450\" frameborder=\"0\" allow=\"autoplay; fullscreen\" allowfullscreen><\/iframe><\/p>\r\n<p>&nbsp; <a href=\"https:\/\/o-ttt-o.de\/wp-content\/uploads\/2020\/01\/artikel-finnland1-Kopie-1.jpg\"><img decoding=\"async\" loading=\"lazy\" class=\"alignnone wp-image-381\" src=\"https:\/\/o-ttt-o.de\/wp-content\/uploads\/2020\/01\/artikel-finnland1-Kopie-1-196x300.jpg\" alt=\"\" width=\"229\" height=\"350\" srcset=\"https:\/\/o-ttt-o.de\/wp-content\/uploads\/2020\/01\/artikel-finnland1-Kopie-1-196x300.jpg 196w, https:\/\/o-ttt-o.de\/wp-content\/uploads\/2020\/01\/artikel-finnland1-Kopie-1-768x1174.jpg 768w, https:\/\/o-ttt-o.de\/wp-content\/uploads\/2020\/01\/artikel-finnland1-Kopie-1-670x1024.jpg 670w, https:\/\/o-ttt-o.de\/wp-content\/uploads\/2020\/01\/artikel-finnland1-Kopie-1.jpg 1958w\" sizes=\"(max-width: 229px) 100vw, 229px\" \/><\/a>&nbsp;<a href=\"https:\/\/o-ttt-o.de\/wp-content\/uploads\/2020\/01\/artikel-finnland2.jpg\">&nbsp;&nbsp;<\/a><a href=\"https:\/\/o-ttt-o.de\/wp-content\/uploads\/2020\/01\/artikel-finnland2.jpg\"><img decoding=\"async\" loading=\"lazy\" class=\"alignnone wp-image-377\" src=\"https:\/\/o-ttt-o.de\/wp-content\/uploads\/2020\/01\/artikel-finnland2-212x300.jpg\" alt=\"\" width=\"247\" height=\"350\" srcset=\"https:\/\/o-ttt-o.de\/wp-content\/uploads\/2020\/01\/artikel-finnland2-212x300.jpg 212w, https:\/\/o-ttt-o.de\/wp-content\/uploads\/2020\/01\/artikel-finnland2-768x1086.jpg 768w, https:\/\/o-ttt-o.de\/wp-content\/uploads\/2020\/01\/artikel-finnland2-724x1024.jpg 724w\" sizes=\"(max-width: 247px) 100vw, 247px\" \/><\/a><\/p>\r\n","protected":false},"excerpt":{"rendered":"<p>Der Kreuzungspunkt von&nbsp;Hy\u00e4tam\u00e4ki. Zu den Wahrheiten der Weltvermessung. Eine Entdeckung im Finnischen Scherengebiet.Projektstipendium Saari Residence, Myn\u00e4m\u00e4ki, 2014 Grundlage f\u00fcr das Projekt ist die Unterteilung der Erdkugel in L\u00e4ngen- und Breitengrade.&nbsp;Auf &#8230;<\/p>\n","protected":false},"author":1,"featured_media":0,"parent":0,"menu_order":0,"comment_status":"closed","ping_status":"closed","template":"","meta":{"ngg_post_thumbnail":0},"_links":{"self":[{"href":"https:\/\/o-ttt-o.de\/index.php?rest_route=\/wp\/v2\/pages\/23"}],"collection":[{"href":"https:\/\/o-ttt-o.de\/index.php?rest_route=\/wp\/v2\/pages"}],"about":[{"href":"https:\/\/o-ttt-o.de\/index.php?rest_route=\/wp\/v2\/types\/page"}],"author":[{"embeddable":true,"href":"https:\/\/o-ttt-o.de\/index.php?rest_route=\/wp\/v2\/users\/1"}],"replies":[{"embeddable":true,"href":"https:\/\/o-ttt-o.de\/index.php?rest_route=%2Fwp%2Fv2%2Fcomments&post=23"}],"version-history":[{"count":26,"href":"https:\/\/o-ttt-o.de\/index.php?rest_route=\/wp\/v2\/pages\/23\/revisions"}],"predecessor-version":[{"id":444,"href":"https:\/\/o-ttt-o.de\/index.php?rest_route=\/wp\/v2\/pages\/23\/revisions\/444"}],"wp:attachment":[{"href":"https:\/\/o-ttt-o.de\/index.php?rest_route=%2Fwp%2Fv2%2Fmedia&parent=23"}],"curies":[{"name":"wp","href":"https:\/\/api.w.org\/{rel}","templated":true}]}}