{"id":41,"date":"2019-12-19T17:11:12","date_gmt":"2019-12-19T17:11:12","guid":{"rendered":"https:\/\/o-ttt-o.de\/?page_id=41"},"modified":"2020-02-08T11:17:57","modified_gmt":"2020-02-08T11:17:57","slug":"der-kreuzungspunkt-von-hietamaeki-ueber-laengen-und-breitengrade","status":"publish","type":"page","link":"https:\/\/o-ttt-o.de\/?page_id=41","title":{"rendered":"\u00dcber L\u00e4ngen- und Breitengrade"},"content":{"rendered":"\r\nngg_shortcode_0_placeholder\r\n<p><strong>Der Kreuzungspunkt von Hietam\u00e4ki \u2013 \u00dcber L\u00e4ngen- und Breitengrade<br>Zu den Wahrheiten der Weltvermessung und anderen ungew\u00f6hnlichen Aktivit\u00e4ten<\/strong><br>Ausstellung und Vortrag im Museum der Unerh\u00f6rten Dinge, Berlin, 2014\/2015<\/p>\r\n\r\n\r\n\r\n<p>Im Sommer 2014 f\u00fchrten die Berliner K\u00fcnstlerInnen Ka Bomhardt, Angela Lubi\u010d und Oliver Oefelein eine Expedition nach Finnland durch, um die Grundlagen der Unterteilung der Erdkugel in L\u00e4ngen- und Breitengrade zu untersuchen. Auf handels\u00fcblichen Weltkarten ist nur jeder zehnte Grad verzeichnet: Vom \u00c4quator aus zieht sich die Nulllinie 180\u00b0 nach oben und unten zu den Polen (Breitengrade), vom Teleskop des Observatoriums von Greenwich von Osten nach Westen (L\u00e4ngengrad). Dank neuerer satellitengest\u00fctzter Messtechnik und mit Hilfe von Computern l\u00e4sst sich inzwischen, mit jedem Handy, zu jedem beliebigen Punkt der Welt eine exakte Koordinaten-Ortsbestimmung definieren.<br>Der Berliner K\u00fcnstlergruppe gelang nun etwas Sensationelles, etwas bisher Einmaliges. Sie legten bei Hietam\u00e4ki, im S\u00fcdwesten Finnlands, den Kreuzungspunkt des dortig gelegenen L\u00e4ngen- und Breitengrades frei. Er lag etwa einen Meter tief in der Erde: 60\u00b037\u2019 n\u00f6rdliche Breite und kreuzte die 21\u00b051\u2019 \u00f6stliche L\u00e4nge.<br>Diese weltweit erstmalige Freilegung eines L\u00e4ngen- wie Breitengrades, die Kreuzung beider, erlaubte hiermit das erste mal einen Blick auf die innere Organisation der Erde! Die Linien der Grade, die aus dem Erdreich zu Tage traten, waren unterschiedlich farbig und strahlten in den finnischen Nachthimmel. Der L\u00e4ngengrad lie\u00df sich gut vom Breitengrad unterscheiden. Die vorsorgliche Natur stattete den L\u00e4ngengrad mit der Farbe gr\u00fcn, den Breitengrad mit rot aus.<br>Die kartographischen Darstellungen sollten nun diesbez\u00fcglich \u00fcberarbeitet werden!<br>Die drei K\u00fcnstler\/innen haben damit bewiesen, dass sich nicht die Menschen die Koordinaten der Erdkugel ausgedacht haben, nein, sie sind im Erdreich faktisch vorhanden und halten das Innerste unserer Welt, wie ein Fischernetz, zusammen! Muss die Geographie nun neu geschrieben werden?<br>Die im Sommer 2014 unter Anleitung von Arch\u00e4ologen stattgefundene Ausgrabung nahe dem finnischen Hy\u00e4tam\u00e4ki wurde durch ein Stipendium der Kone-Foundation unterst\u00fctzt.<\/p>\r\n\r\n\r\n\r\n<p>Museum der Unerh\u00f6rten Dinge, Crellestrasse 5, 10827 Berlin<br><a href=\"http:\/\/www.museumderunerhoertendinge.de\">www.museumderunerhoertendinge.de<\/a><\/p>\r\n<p><a href=\"https:\/\/o-ttt-o.de\/wp-content\/uploads\/2020\/01\/BLZ_22-02.jpg\"><img decoding=\"async\" loading=\"lazy\" class=\"alignnone wp-image-410 size-large\" src=\"https:\/\/o-ttt-o.de\/wp-content\/uploads\/2020\/01\/BLZ_22-02-167x1024.jpg\" alt=\"\" width=\"167\" height=\"1024\" srcset=\"https:\/\/o-ttt-o.de\/wp-content\/uploads\/2020\/01\/BLZ_22-02-167x1024.jpg 167w, https:\/\/o-ttt-o.de\/wp-content\/uploads\/2020\/01\/BLZ_22-02-49x300.jpg 49w\" sizes=\"(max-width: 167px) 100vw, 167px\" \/><\/a><br><br>Berliner Zeitung vom 22.2.2015<\/p>\r\nngg_shortcode_1_placeholder\r\n<p>Postkartenedition Hy\u00e4tam\u00e4ki<\/p>\r\n<p>&nbsp;<\/p>\r\n<p>&nbsp;<\/p>\r\n<p>&nbsp;<\/p>\r\n<p>&nbsp;<\/p>\r\n","protected":false},"excerpt":{"rendered":"<p>Der Kreuzungspunkt von Hietam\u00e4ki \u2013 \u00dcber L\u00e4ngen- und BreitengradeZu den Wahrheiten der Weltvermessung und anderen ungew\u00f6hnlichen Aktivit\u00e4tenAusstellung und Vortrag im Museum der Unerh\u00f6rten Dinge, Berlin, 2014\/2015 Im Sommer 2014 f\u00fchrten &#8230;<\/p>\n","protected":false},"author":1,"featured_media":0,"parent":0,"menu_order":0,"comment_status":"closed","ping_status":"closed","template":"","meta":{"ngg_post_thumbnail":0},"_links":{"self":[{"href":"https:\/\/o-ttt-o.de\/index.php?rest_route=\/wp\/v2\/pages\/41"}],"collection":[{"href":"https:\/\/o-ttt-o.de\/index.php?rest_route=\/wp\/v2\/pages"}],"about":[{"href":"https:\/\/o-ttt-o.de\/index.php?rest_route=\/wp\/v2\/types\/page"}],"author":[{"embeddable":true,"href":"https:\/\/o-ttt-o.de\/index.php?rest_route=\/wp\/v2\/users\/1"}],"replies":[{"embeddable":true,"href":"https:\/\/o-ttt-o.de\/index.php?rest_route=%2Fwp%2Fv2%2Fcomments&post=41"}],"version-history":[{"count":32,"href":"https:\/\/o-ttt-o.de\/index.php?rest_route=\/wp\/v2\/pages\/41\/revisions"}],"predecessor-version":[{"id":456,"href":"https:\/\/o-ttt-o.de\/index.php?rest_route=\/wp\/v2\/pages\/41\/revisions\/456"}],"wp:attachment":[{"href":"https:\/\/o-ttt-o.de\/index.php?rest_route=%2Fwp%2Fv2%2Fmedia&parent=41"}],"curies":[{"name":"wp","href":"https:\/\/api.w.org\/{rel}","templated":true}]}}